s 36617 (base 9) in base 11?
174a7
-1001101010011111 (base 2) to base 9
-60261
Convert -71a5 (base 12) to base 10.
-12365
What is -587 (base 12) in base 3?
-1010111
908 (base 13) to base 10
1529
-10585 (base 9) to base 13
-328a
Convert 626 (base 8) to base 16.
196
Convert -308 (base 12) to base 8.
-670
41a (base 11) to base 3
200201
1102000 (base 4) to base 3
21012101
What is 53b (base 13) in base 10?
895
Convert 262 (base 7) to base 2.
10001110
What is -7 (base 11) in base 2?
-111
Convert b2 (base 15) to base 5.
1132
10a68 (base 12) to base 10
22256
-316 (base 8) to base 3
-21122
What is -31000 (base 4) in base 2?
-1101000000
25ae (base 15) to base 4
1331213
1267 (base 9) to base 3
1022021
Convert -287e (base 15) to base 8.
-20735
What is -51 (base 16) in base 11?
-74
110413 (base 5) to base 3
12021220
1101100111100111 (base 2) to base 11
38a02
-13957 (base 10) to base 8
-33205
What is 2222200221 (base 3) in base 8?
162717
What is 3232 (base 7) in base 4?
101332
Convert 669 (base 16) to base 6.
11333
What is -254d (base 14) in base 13?
-2c8b
5ef (base 16) to base 12
a67
Convert -411041 (base 5) to base 8.
-31727
What is 2523 (base 9) in base 6?
12420
-3534 (base 6) to base 16
-352
Convert -61655 (base 8) to base 4.
-12032231
Convert 715 (base 11) to base 14.
459
Convert -2424 (base 5) to base 6.
-1404
What is -3011332 (base 4) in base 5?
-401140
Convert -25845 (base 12) to base 13.
-1a486
What is 4105 (base 7) in base 13?
859
Convert 2c8 (base 15) to base 5.
10023
-79b (base 12) to base 15
-502
What is 250 (base 13) in base 6?
1511
101020 (base 9) to base 6
1140500
What is 745 (base 8) in base 14?
269
What is -837 (base 14) in base 5?
-22432
97e (base 16) to base 13
114c
5330 (base 9) to base 8
7513
Convert 28351 (base 9) to base 13.
89b3
Convert a70 (base 13) to base 10.
1781
-46432 (base 8) to base 7
-111355
Convert b5 (base 14) to base 16.
9f
Convert 176c (base 14) to base 6.
31300
What is 1101201 (base 3) in base 6?
4414
Convert -839a (base 11) to base 3.
-120020212
-182 (base 16) to base 9
-468
What is a8b (base 14) in base 9?
2764
What is -2112 (base 5) in base 16?
-11a
261 (base 15) to base 10
541
Convert 101011110 (base 2) to base 15.
185
What is -1116 (base 8) in base 2?
-1001001110
Convert -373 (base 10) to base 3.
-111211
Convert -6406 (base 12) to base 5.
-322300
Convert 11302331 (base 4) to base 8.
56275
Convert -12838 (base 10) to base 12.
-751a
-11010010100 (base 2) to base 10
-1684
Convert -7354 (base 9) to base 15.
-18ea
Convert 8470 (base 9) to base 15.
1c99
1022 (base 11) to base 16
54b
What is -6b85 (base 14) in base 13?
-86b4
Convert 142444 (base 6) to base 9.
20541
-201022201 (base 3) to base 5
-422321
Convert -100101101 (base 2) to base 10.
-301
What is 535 (base 9) in base 6?
2005
Convert -4354 (base 11) to base 5.
-140441
Convert 363 (base 15) to base 13.
471
What is aa0 (base 16) in base 2?
101010100000
Convert 11130133 (base 4) to base 12.
10aa7
-112 (base 7) to base 2
-111010
Convert 6d (base 16) to base 8.
155
Convert -16737 (base 11) to base 2.
-101101111011010
Convert 755 (base 8) to base 16.
1ed
301 (base 8) to base 9
234
What is -4243 (base 6) in base 14?
-4cb
Convert 1013 (base 7) to base 9.
432
105 (base 8) to base 10
69
Convert 2101330 (base 4) to base 14.
3592
Convert -384 (base 9) to base 4.
-10333
-1500 (base 6) to base 4
-12030
Convert 121212 (base 3) to base 10.
455
What is 11010001010 (base 2) in base 10?
1674
What is -27c (base 15) in base 16?
-237
What is 9c7 (base 14) in base 9?
2584
Convert -3313120 (base 4) to base 14.
-5aac
Convert 254055 (base 7) to base 15.
de06
Convert -51152 (base 9) to base 5.
-2034122
What is 1213145 (base 6) in base 3?
10021002102
What is 266 (base 12) in base 13?
222
Convert -2652 (base 9) to base 12.
-119b
Convert -215 (base 7) to base 4.
-1232
-237 (base 9) to base 5
-1241
Convert -39541 (base 11) to base 4.
-31303220
c736 (base 13) to base 11
19804
What is -23c7 (base 15) in base 16?
-1dbc
4930 (base 10) to base 13
2323
What is 10152 (base 6) in base 12?
958
What is 1273 (base 9) in base 13?
588
-110141 (base 6) to base 11
-6953
1101 (base 4) to base 10
81
3208 (base 12) to base 10
5480
Convert -30130232 (base 4) to base 11.
-35345
Convert -101331 (base 4) to base 14.
-5c1
Convert -2142 (base 6) to base 14.
-274
What is -1446 (base 10) in base 7?
-4134
What is -8f17 (base 16) in base 4?
-20330113
What is 140134 (base 5) in base 3?
21202222
-21220 (base 4) to base 8
-1150
22603 (base 8) to base 12
5683
Convert -602 (base 11) to base 3.
-222222
Convert 14015 (base 11) to base 13.
9130
-110011101 (base 2) to base 9
-508
Convert 4b5 (base 15) to base 6.
4542
What is 33e4 (base 16) in base 5?
411114
-10102033 (base 5) to base 15
-19248
What is 4121 (base 5) in base 6?
2252
-2155 (base 6) to base 7
-1316
What is -10102020120 (base 3) in base 2?
-10000011010101101
Convert -3bb (base 15) to base 13.
-506
What is -33562 (base 7) in base 9?
-12617
What is 22031 (base 4) in base 13?
3b3
1984 (base 11) to base 12
1554
What is 104421 (base 5) in base 15?
1191
32031 (base 4) to base 5
12114
1f0 (base 16) to base 13
2c2
4a7 (base 16) to base 13
708
Convert 2043 (base 6) to base 2.
111001011
109a (base 14) to base 16
b40
Convert 9751 (base 11) to base 6.
135350
344e (base 15) to base 14
408b
What is 50eb (base 16) in base 12?
bba3
Convert 10000110100011 (base 2) to base 11.
6519
Convert 2175 (base 11) to base 15.
cb0
Convert 325415 (base 6) to base 10.
27155
What is -10375 (base 8) in base 7?
-15452
Convert 7ab (base 15) to base 6.
12012
Convert -33 (base 14) to base 16.
-2d
-13540 (base 13) to base 15
-aa34
What is -568 (base 10) in base 7?
-1441
Convert b57 (base 12) to base 16.
673
30010333 (base 4) to base 2
1100000100111111
-42c3 (base 14) to base 12
-6817
-112012 (base 5) to base 16
-fa7
-4b5c (base 14) to base 11
-9a23
What is 66b6 (base 14) in base 6?
214224
What is 1011100000 (base 2) in base 5?
10421
1111 (base 2) to base 9
16
What is 7a95 (base 11) in base 14?
3c35
100650 (base 8) to base 12
17260
What is 348 (base 9) in base 7?
560
What is -10c7 (base 13) in base 8?
-4470
Convert -10202 (base 3) to base 9.
-122
-8682 (base 9) to base 8
-14370
Convert 11111011 (base 2) to base 3.
100022
Convert -3155 (base 6) to base 9.
-878
222122101 (base 3) to base 14
7115
584 (base 9) to base 7
1255
Convert 5ba9 (base 12) to base 14.
3ab7
What is 312 (base 8) in base 6?
534
Convert -5c2 (base 14) to base 10.
-1150
Convert 6c6 (base 16) to base 9.
2336
Convert 24321 (base 5) to base 6.
12300
-4068 (base 16) to base 5
-1011423
Convert 74a (base 13) to base 11.
a32
What is 1257 (base 8) in base 14?
371
Convert 22233 (base 5) to base 7.
4400
Convert -10101100010110 (base 2) to base 6.
-123022
Convert 68761 (base 9) to base 12.
22624
Convert 595 (base 12) to base 5.
11313
Convert 47717 (base 8) to base 2.
100111111001111
-122242 (base 6) to base 12
-6382
Convert -110010221 (base 3) to base 9.
-13127
What is -110210021 (base 3) in base 2?
-10010001101010
What is -10001100110 (base 2) in base 5?
-14001
What is -1010010011 (base 2) in base 15?
-2de
What is 2001 (base 5) in base 4?
3323
Convert 1050 (base 7) to base 12.
276
Convert 34350 (base 7) to base 16.
2235
Convert 595 (base 10) to base 14.
307
-216 (base 13) to base 10
-357
Convert -111010001000 (base 2) to base 13.
-1902
-5256 (base 7) to base 4
-130332
-325335 (base 7) to base 2
-1101111100010111
Convert 4130 (base 5) to base 6.
2300
Convert 11303122 (base 4) to base 13.
aa86
Convert -11221022 (base 3) to base 9.
-4838
-3ad (base 16) to base 14
-4b3
Convert -31e (base 15) to base 7.
-2024
What is 4400 (base 10) in base 14?
1864
Convert -6309 (base 10) to base 15.
-1d09
Convert -4643 (base 12) to base 3.
-101201220
Convert 25468 (base 12) to base 10.
50768
Convert 1188 (base 12) to base 4.
132320
Convert -16c1 (base 13) to base 11.
-2592
What is 17434 (base 10) in base 11?
1210a
What is -b7b6 (base 12) in base 5?
-1121104
Convert -10113 (base 4) to base 12.
-1b3
221521 (base 6) to base 13
85a2
What is 1016 (base 8) in base 10?
526
Convert 4618 (base 9) to base 4.
311123
Convert 2332 (base 6) to base 9.
682
What is 4430 (base 5) in base 3?
211210
Convert -16663 (base 7) to base 3.
-20120201
Convert -1041 (base 5) to base 13.
-b3
-14